n base 3?
10002011
-11123 (base 4) to base 9
-425
Convert -2928 (base 13) to base 2.
-1011100111101
What is -2200012 (base 3) in base 6?
-13005
What is -c40 (base 14) in base 15?
-aa8
What is -1041 (base 9) in base 15?
-361
1239 (base 15) to base 10
3879
Convert -bb79 (base 14) to base 8.
-77277
What is -2221112120 (base 3) in base 15?
-122a9
Convert -47529 (base 10) to base 5.
-3010104
What is 12411 (base 11) in base 2?
100010110000111
What is -1002201 (base 3) in base 12?
-56a
Convert 766 (base 9) to base 16.
273
-1001011110101101 (base 2) to base 7
-221130
-23210 (base 5) to base 14
-880
-298 (base 12) to base 6
-1512
-9667 (base 12) to base 4
-10001233
What is -3d3 (base 14) in base 12?
-545
1310 (base 7) to base 11
412
What is 40c (base 14) in base 8?
1434
Convert -14112 (base 5) to base 11.
-962
What is -868 (base 11) in base 2?
-10000010010
-3138 (base 12) to base 4
-1103330
Convert 421343 (base 5) to base 4.
3122111
-b (base 14) to base 2
-1011
What is 32652 (base 9) in base 15?
664e
2788 (base 11) to base 3
11221112
1134 (base 9) to base 15
3b1
842 (base 16) to base 15
95e
What is -131b (base 15) in base 12?
-2438
Convert ac71 (base 13) to base 9.
36036
bb00 (base 14) to base 4
13321110
What is 5d (base 16) in base 11?
85
What is 1221 (base 6) in base 14?
177
Convert -65a (base 14) to base 13.
-758
Convert -520 (base 10) to base 2.
-1000001000
-ba42 (base 14) to base 3
-1122011200
Convert 120444 (base 5) to base 11.
3420
-5000 (base 13) to base 7
-44012
Convert -1377 (base 14) to base 10.
-3437
What is -1101 (base 5) in base 16?
-97
What is -7757 (base 12) in base 7?
-53254
-2c8 (base 16) to base 2
-1011001000
3262 (base 7) to base 10
1171
Convert 21344 (base 9) to base 2.
11011100110110
100222100 (base 4) to base 5
4140430
452 (base 10) to base 8
704
-12131 (base 4) to base 5
-3123
-223 (base 16) to base 13
-331
Convert 3242 (base 8) to base 7.
4644
-411223 (base 5) to base 11
-a003
Convert -3010310 (base 4) to base 13.
-596c
What is -359d (base 14) in base 12?
-54b3
Convert 13c (base 14) to base 4.
3322
Convert -10100001001111 (base 2) to base 11.
-7831
Convert 335 (base 9) to base 3.
101012
Convert 101477 (base 8) to base 3.
1201002102
Convert 2504 (base 7) to base 15.
425
3097 (base 10) to base 14
11b3
8d99 (base 15) to base 14
ad5b
13024 (base 5) to base 6
4410
What is -15054 (base 7) in base 3?
-12200220
-122010202 (base 3) to base 6
-133502
What is -246 (base 15) in base 2?
-1000000100
Convert -9c9 (base 16) to base 14.
-cad
What is -25bd7 (base 14) in base 6?
-1554025
bb (base 14) to base 2
10100101
Convert -2c20 (base 16) to base 12.
-6654
2017 (base 10) to base 15
8e7
246 (base 13) to base 4
12030
Convert -14 (base 12) to base 13.
-13
Convert -30eb (base 15) to base 5.
-312341
-1020112 (base 3) to base 14
-489
What is 1051b (base 14) in base 9?
60061
Convert 1043 (base 11) to base 2.
10101100010
Convert -14480 (base 12) to base 14.
-a46c
Convert -1400020 (base 5) to base 15.
-850a
What is 31211 (base 7) in base 2?
1110111100100
What is -32031 (base 5) in base 6?
-13525
-55611 (base 9) to base 2
-1001000001010010
Convert a45c (base 16) to base 14.
11496
6353 (base 12) to base 16
2a6f
Convert 10011101100100 (base 2) to base 6.
114404
-34401 (base 8) to base 10
-14593
What is -534 (base 12) in base 3?
-1001011
Convert 2a8a (base 12) to base 15.
1737
Convert -2107 (base 13) to base 2.
-1000111011010
243c (base 14) to base 8
14266
What is 746 (base 10) in base 7?
2114
-13266 (base 9) to base 4
-2030022
-111010010111 (base 2) to base 8
-7227
11334 (base 10) to base 11
8574
-1011111222 (base 3) to base 7
-123662
What is 24211 (base 6) in base 14?
1407
3712 (base 10) to base 3
12002111
What is 12b (base 12) in base 16?
b3
Convert -1001212 (base 3) to base 14.
-3d9
-4412 (base 10) to base 9
-6042
Convert 2030132 (base 4) to base 9.
13288
-1021111200 (base 3) to base 8
-61103
What is 213 (base 4) in base 5?
124
What is -111000011010 (base 2) in base 8?
-7032
What is -a1c5 (base 15) in base 14?
-c640
-7203 (base 8) to base 14
-14d5
201100100 (base 3) to base 16
3717
Convert -239d (base 16) to base 6.
-110113
-4023 (base 8) to base 3
-2211120
Convert 5ae (base 15) to base 4.
110021
What is 3e53 (base 16) in base 7?
64342
-2110040 (base 5) to base 9
-53031
What is -a10a (base 13) in base 4?
-11122011
What is -15450 (base 6) in base 9?
-3443
Convert -12002201 (base 3) to base 12.
-219a
Convert 230 (base 8) to base 2.
10011000
-5acd (base 14) to base 12
-9219
-5924 (base 11) to base 16
-1e5a
Convert -1200 (base 7) to base 13.
-27c
What is 130 (base 11) in base 3?
12201
What is -20d (base 15) in base 12?
-327
What is 3443 (base 7) in base 5?
20011
What is 111111010011 (base 2) in base 6?
30431
Convert 11021 (base 4) to base 6.
1305
What is -3201 (base 4) in base 6?
-1013
Convert -10101101100111 (base 2) to base 6.
-123235
-1010001010011 (base 2) to base 14
-1c79
Convert 1013120 (base 4) to base 14.
1944
Convert 1829 (base 10) to base 12.
1085
What is 407 (base 14) in base 5?
11131
What is -72 (base 12) in base 6?
-222
Convert -2b05 (base 14) to base 2.
-1110111100001
4649 (base 13) to base 3
111112022
Convert 3427 (base 14) to base 13.
4173
What is 11100000 (base 2) in base 4?
3200
Convert -21031 (base 5) to base 3.
-1220112
What is -149 (base 15) in base 7?
-600
What is -1133211 (base 4) in base 13?
-2a27
-1201 (base 10) to base 11
-9a2
What is 36698 (base 10) in base 4?
20331122
158b7 (base 14) to base 15
10e60
What is -210322 (base 4) in base 11?
-1858
What is -1211221 (base 3) in base 11?
-1016
Convert 220202212 (base 3) to base 15.
553e
What is -3b70 (base 16) in base 7?
-62235
What is 1401 (base 6) in base 13?
21a
-11011100111 (base 3) to base 15
-19404
Convert -30a6 (base 14) to base 9.
-12438
What is -4289 (base 11) in base 8?
-13037
-457 (base 16) to base 14
-595
What is -1397 (base 10) in base 7?
-4034
Convert 1d92 (base 16) to base 14.
2a8a
1000101011 (base 2) to base 11
465
Convert 3203303 (base 4) to base 2.
11100011110011
What is 3527 (base 10) in base 12?
205b
-e27 (base 15) to base 8
-6163
-20601 (base 7) to base 3
-20222210
Convert 112121 (base 4) to base 9.
1862
What is -32238 (base 10) in base 13?
-1189b
What is 435 (base 11) in base 12?
376
Convert -179b (base 12) to base 7.
-11216
-1457 (base 9) to base 6
-5041
-13331311 (base 4) to base 10
-32629
10100211 (base 3) to base 6
15204
-31274 (base 11) to base 5
-2424302
231114 (base 6) to base 3
1000000201
Convert -102012201 (base 3) to base 7.
-32554
-33640 (base 12) to base 3
-10110200210
What is 130130 (base 4) in base 15?
815
Convert -3063 (base 7) to base 2.
-10000110010
Convert -48ab (base 13) to base 9.
-15083
What is 101010101011 (base 2) in base 8?
5253
What is 3847 (base 14) in base 5?
303423
What is -12111 (base 3) in base 10?
-148
Convert 2cd (base 14) to base 4.
20331
Convert -70a (base 12) to base 15.
-47d
Convert 4300 (base 7) to base 9.
2067
243124 (base 5) to base 7
35501
What is 47c (base 14) in base 6?
4050
-1692 (base 11) to base 4
-201232
Convert -2151 (base 7) to base 10.
-771
Convert -12332 (base 5) to base 3.
-1022211
Convert -1305 (base 7) to base 8.
-757
What is -46a8 (base 11) in base 3?
-22110110
-315454 (base 6) to base 13
-ba1c
-14444 (base 6) to base 13
-10a5
Convert -e95 (base 15) to base 7.
-12410
Convert -113 (base 15) to base 8.
-363
1597 (base 11) to base 2
11111111010
What is -20530 (base 6) in base 16?
-ae6
-85dc (base 16) to base 6
-422352
103001 (base 4) to base 12
855
Convert -31130 (base 4) to base 9.
-1155
Convert 2b87 (base 15) to base 10.
9352
Convert 121101 (base 3) to base 7.
1201
b978 (base 16) to base 14
13436
What is 113 (base 14) in base 16?
d5
Convert -330 (base 4) to base 10.
-60
What is -4445 (base 13) in base 8?
-22461
-94 (base 16) to base 4
-2110
-432024 (base 5) to base 13
-6881
14155 (base 7) to base 4
330112
-22636 (base 9) to base 12
-88a3
-117 (base 16) to base 8
-427
Convert 200111101 (base 3) to base 11.
a148
Convert -1a8 (base 12) to base 7.
-536
793a (base 12) to base 6
142114
331110 (base 6) to base 3
1101200120
Convert -2301001 (base 5) to base 13.
-15719
Convert -3210211 (base 4) to base 9.
-22054
Convert 1100110110101 (base 2) to base 14.
2581
What is 1100010010 (base 2) in base 10?
786
What is -2126